 -2*m = m + r - 2, -4*m + 5*r + 28 = k. What are the prime factors of -618*((-8)/12)/m?
2, 103
Let r(n) = -16*n - 24. Suppose -4*q = -h + 65, -q + 2*h = 5*h + 13. Let t(v) = -v**3 - 14*v**2 + 32*v - 5. Let j be t(q). List the prime factors of r(j).
2, 7
Let k = -42 + 51. Suppose 2*q - 2*m = 460, k*m - 5 = 8*m. List the prime factors of q.
5, 47
Suppose 52*h = 48*h + 16. What are the prime factors of 6/(3 - -9) - (-614)/h?
2, 7, 11
What are the prime factors of (4*8*60/768)/(1/4734)?
3, 5, 263
Let u(t) = -21*t - 71. Let v(j) = j**2 + 14*j - 21. Let r be v(-15). Let o be 920/(-120) - 4/r. What are the prime factors of u(o)?
2, 19
Suppose -x + 20 = -5*m, -19*x + 5 = -21*x + m. List the prime factors of (-2523)/(-9) - x/(30/4).
281
Let l(w) = 12*w - 2. Suppose 6 = 8*j - 18. Let u be ((-2)/(-4) - j)*18/(-15). List the prime factors of l(u).
2, 17
Suppose 4*l + 6 = 7*l. Suppose -c - 144 = l*c. Let k = c - -107. What are the prime factors of k?
59
Suppose -61*p + 12030 = -31*p - 27*p. List the prime factors of p.
2, 5, 401
Suppose -x - 5*d = -4*x, 0 = 3*d. Suppose -8*s - 15 - 1 = x. List the prime factors of (6/s - (5 - 9))*35.
5, 7
Let k(j) = -2*j + 23 - 13*j + 0*j + 5*j**2 + 2*j - 111. What are the prime factors of k(-17)?
2, 3, 263
Suppose -4*c - 79933 = -w, -5*w - 162*c + 399715 = -157*c. What are the prime factors of w?
3, 26647
Let j(u) = 964*u**2 + 53*u - 10. What are the prime factors of j(5)?
5, 4871
Let f = 23374 - 6742. List the prime factors of f.
2, 3, 7, 11
Suppose -2*q - 269 = -4*d - 3*q, 4*d - 4*q = 264. Let x = d + -46. Suppose 0 = -6*n + 171 - x. What are the prime factors of n?
5
Let v(h) = -h**3 + 19*h**2 - 11*h + 36. Let n be v(17). Suppose -o = -0*o - n. Suppose 5*a = o - 17. List the prime factors of a.
2, 41
Let b(k) = 24184*k + 778. List the prime factors of b(3).
2, 5, 7333
Let v = -13163 + 62421. List the prime factors of v.
2, 11, 2239
Let z = -1473 - -2756. Suppose 2*w = w + z. List the prime factors of w.
1283
Let j(z) be the third derivative of z**5/12 - z**4/2 - 31*z**3/6 + 2*z**2 + 10. List the prime factors of j(-6).
13, 17
Let a(g) = 4*g**2 + 172*g + 39. List the prime factors of a(-71).
61, 131
Let h(d) be the first derivative of -8*d + 4/3*d**3 + 8*d**2 + 10. What are the prime factors of h(-7)?
2, 19
Suppose 5*o = -18*o - 9131. Let f = 48 - o. List the prime factors of f.
5, 89
Let m = -71 - -11. Let j be (-190)/m - (-1)/(-6). Suppose j*n - 260 = -2*z + 3*z, -n = 3*z - 100. What are the prime factors of n?
2, 11
Let j(i) = -3*i**2 + 76*i - 76. Let b be j(24). Let x be -59 - (0 + (5 - 2)). Let c = b - x. List the prime factors of c.
2, 41
Suppose -5*k - y = -258, 4*k - 2*y = 258 - 46. Let f = k + 22. List the prime factors of f.
2, 37
Let j(d) = 8067*d + 382. List the prime factors of j(1).
7, 17, 71
Suppose -30*x + 168 = -16*x. Suppose -1792 = -x*o - 16*o. What are the prime factors of o?
2
Let p(f) = f**3 + 28*f**2 + 55*f + 34. Let d = -322 - -297. List the prime factors of p(d).
2, 3, 89
Let z(o) = -o**2 - 2*o + 7. Let v be z(-3). Suppose -10 = 4*w - 5*t - 4, v*t = 4*w + 4. What are the prime factors of 2751/42 - w/2?
5, 13
What are the prime factors of (-10 - -22)*1 + 24699?
3, 8237
Suppose 8 = 2*k + z + 391, 2*z = -5*k - 960. Let v = 454 + k. What are the prime factors of v?
2, 5, 13
Suppose -5*g + 4*p = -4, -9*g + 13*g + 3*p + 3 = 0. Suppose 4*d - 8*d + 1232 = g. Let j = d - 199. List the prime factors of j.
109
Let d(p) = -p**3 - 6*p**2 - 11*p - 1. Let j be ((-54)/7)/3*84/(-9). Suppose 0 = j*w - 28*w - 24. List the prime factors of d(w).
5, 13
Suppose -8*v - 63 - 25 = 0. Let t be ((-6)/8)/(v/88) - -2. List the prime factors of (505/10)/(2/t).
2, 101
Let y(w) be the third derivative of 15*w**4/8 + 71*w**3/2 - 70*w**2. What are the prime factors of y(9)?
2, 3, 103
Suppose 4*l = -2*s + 8, 0 = -5*l + 5*s - 0*s + 10. Suppose -12*n + 15*n - 745 = -t, -2*t + l*n = -1482. What are the prime factors of t?
2, 7, 53
Let m(a) be the first derivative of -13*a**2/2 + 3*a + 238. Let u = 2 - 3. What are the prime factors of m(u)?
2
Let g(p) = -4*p**3 + 8*p + 17*p**2 + 17 - 48*p**2 + 4 - 18. What are the prime factors of g(-10)?
823
Let b(x) = -2*x**3 - 90*x**2 - 67*x - 143. Let i be b(-44). Let q = i + 2361. What are the prime factors of q?
2, 647
Suppose 393*v - 69088 = 361*v. List the prime factors of v.
17, 127
Suppose 2*t + 5*m + 161 = 0, 4*t + 4*m = -m - 297. Let g = t - -168. List the prime factors of g.
2, 5
List the prime factors of 1080100/(-42)*9/(-5).
2, 3, 5, 1543
Suppose c - 4*k = 43769, -5*c + 4*k = -80075 - 138754. List the prime factors of c.
5, 8753
Let a = -177 - -79. List the prime factors of (-42)/a - (-1618)/14.
2, 29
Let d = 319 + -317. Let t(o) = 197*o**3 + 2*o**2 - 2*o + 4. What are the prime factors of t(d)?
2, 3, 11
Suppose 0 = 3*w + 203 - 935. Let x = -239 + w. What are the prime factors of x?
5
Suppose 5*a = 5*g - 489 - 3486, -5*g = -a - 3979. Suppose -w + 4*w + 3*y = -123, 5*w = 5*y - 245. What are the prime factors of (g/6)/((-30)/w)?
199
Let b = -38 - -48. Let y be (6/4)/(0 - 5/b). List the prime factors of -2 - y - -1*82.
83
Let h(l) = 171*l + 3647. Let w be h(-21). Suppose 2*b - 154 = 78. Let u = w + b. What are the prime factors of u?
2, 43
Let a be (0/(-3) + 16)*(-13 + 11). Let v = a - -42. What are the prime factors of v*5/4*24/30?
2, 5
Suppose 0 = -2*b - 2*k + 5378, 4*k + 3078 + 4982 = 3*b. What are the prime factors of b?
2, 3, 7
List the prime factors of (-1293975)/486*34/(-3).
5, 17, 71
Let f(y) = 24*y - 3. Suppose 5*z + 45 = -5*p, 0 = p + z + 2*z + 19. Let k be f(p). Let c = -35 - k. List the prime factors of c.
2
Let i(l) = 135*l + 253. Let s be ((-58)/174)/((-2)/36). List the prime factors of i(s).
1063
Suppose -35 = -2*g + 3*v, 0 = -g + 5*v + 3 + 32. Let p = 12 - 24. What are the prime factors of (p/g)/3 + 4496/40?
2, 7
Suppose 291*g = 2753382 + 1090728. List the prime factors of g.
2, 5, 1321
Suppose 0 = d - 4*g - 250 - 996, -4*d + 2*g + 4914 = 0. List the prime factors of d.
2, 613
Let h(i) = 8*i + 60. Let o be h(-7). Suppose o*r + 0*r = 2*m + 1152, -r + 2*m + 291 = 0. Suppose 0 = -5*y + r - 37. List the prime factors of y.
2, 5
Suppose 0*v + 3*v = -a + 52, 5*a = 5. Let d(l) = l**2 - 7*l + 6. What are the prime factors of d(v)?
2, 11
Suppose -142 = 14*k + 82. Let i be 1*(-27 + 8/2 + -1). What are the prime factors of (4/3)/1*i/k?
2
Suppose -11*f = -12*f - 35. List the prime factors of f + 37 + 1*283.
3, 5, 19
Let k(v) = v**2 - 36*v - 29. Let x be k(28). Let a = -77 - x. What are the prime factors of a?
2, 11
Let i(s) = -76*s + 1817. What are the prime factors of i(-29)?
4021
Let c(w) = 214 - 2*w - w**2 - 55*w**3 - 234 + 49*w**3. What are the prime factors of c(-5)?
5, 11, 13
Suppose 58*c + 448529 - 2695159 = 0. What are the prime factors of c?
5, 61, 127
Let n(s) = s**3 - 8*s**2 + 5. Let w be n(8). Let o be 5468/w + (-21)/35. Suppose -6*b + o = 289. What are the prime factors of b?
2, 67
Suppose 69*a + 93*a + 335*a = 16748403. What are the prime factors of a?
3, 47, 239
Let i(l) = l**3 + 3*l**2 + l + 3. Suppose 0 = q + 4*q + 15. Let k be i(q). List the prime factors of 32 + 8 - k/1.
2, 5
List the prime factors of 10*(-2 - 4837/(-14)).
3, 5, 229
Suppose 3*u = 5*d - 9*d - 7083, 3*u - 7077 = 4*d. What are the prime factors of (-20)/80*(d - 2)?
443
Let b(g) = -1617*g - 847. List the prime factors of b(-8).
7, 11, 157
Let n = -30 + 30. Suppose 4*p = n, 4*y - 342 = -4*p + 6. Suppose j - y = 3. What are the prime factors of j?
2, 3, 5
Let l(y) = 3135*y**2 + 35*y + 34. What are the prime factors of l(-1)?
2, 1567
Suppose 4*v - 3*a - 2741 = -9025, -2*a + 1571 = -v. Let y = -1084 - v. What are the prime factors of y?
487
List the prime factors of 2125535/45 + (-70)/630.
2, 11, 19, 113
Let o = 40598 + -21750. List the prime factors of o.
2, 19, 31
Suppose 0 = 161*v - 166*v + 31620. What are the prime factors of v?
2, 3, 17, 31
List the prime factors of (0/2 - (-5)/10)/((-53)/(-530212)).
2, 41, 61
Let a = -5235 - -5237. Let d be (-2)/(-3) - 26/(-6). Suppose 5*t - u - 4*u - 220 = 0, 0 = a*t - d*u - 100. List the prime factors of t.
2, 5
Suppose -3*l - 55 = -4*w + 2*l, -2*l - 28 = -2*w. Let n(j) = j**3 - 14*j**2 + 18*j - 59. List the prime factors of n(w).
2, 109
Let y(r) = r**3 - 25*r*